{"id":28,"date":"2019-07-15T13:28:11","date_gmt":"2019-07-15T13:28:11","guid":{"rendered":"https:\/\/casasdosenhor.pt\/novo\/?page_id=28"},"modified":"2023-08-22T09:51:56","modified_gmt":"2023-08-22T08:51:56","slug":"contactos","status":"publish","type":"page","link":"https:\/\/www.casasdosenhor.pt\/novo\/contactos\/","title":{"rendered":"<i class=\"fa fa-phone-square\" aria-hidden=\"true\"><\/i> Contactos"},"content":{"rendered":"<div class='' id='bmp_casasdosenhor_' style='position: relative; width:100%; height:400px'>\r\n                                            <img id='bmp_map_fullscreen_icon__1_' onclick='bmp_toggleFullScreen(\"bmp_casasdosenhor_\")' class='bmp_map_fullscreen_icon_class' style='display: none' src='https:\/\/www.casasdosenhor.pt\/novo\/wp-content\/plugins\/api-bing-map-2018\/images\/icons\/bmp-map-full-screen.png'>\r\n                                          <\/div>\r\n                                        <script type='text\/javascript' src='https:\/\/www.bing.com\/api\/maps\/mapcontrol?key=Aoy-QO0WXq4MIZamK6HDaFkOVYXN83msSQRA39ujehm0BQ-SDX5_oxxYE0T8UGI9' async defer ><\/script>\r\n                                        <script type='text\/javascript'> \r\n                                            var bmp_icon_src    = 'https:\/\/www.casasdosenhor.pt\/novo\/wp-content\/plugins\/api-bing-map-2018\/'; \r\n                                            var bmpPinSizes     = JSON.parse('{\"bmp_pin_desktop_width\":250,\"bmp_pin_desktop_height\":170,\"bmp_pin_tablet_width\":210,\"bmp_pin_tablet_height\":130,\"bmp_pin_mobile_width\":140,\"bmp_pin_mobile_height\":100}');  \r\n                                            var bmpFullscreenIconSrc2 = 'https:\/\/www.casasdosenhor.pt\/novo\/wp-content\/plugins\/api-bing-map-2018\/images\/icons\/bmp-map-full-screen2.png';  \r\n                                            var bmpFullscreenIconSrc = 'https:\/\/www.casasdosenhor.pt\/novo\/wp-content\/plugins\/api-bing-map-2018\/images\/icons\/bmp-map-full-screen.png';                                        \r\n                                    \r\n                                            window.addEventListener('load', function(){    \r\n                                                let bmp_map_id__1_        = document.getElementById('bmp_casasdosenhor_'); \r\n                                                let bmp_map__1_           = JSON.parse( JSON.stringify( {\"id\":\"1\",\"map_title\":\"Casas do Senhor\",\"map_start_lat\":\"41.378540976930566\",\"map_start_long\":\"-8.277051638856358\",\"map_type\":\"1\",\"map_zoom\":\"18\",\"compact_nav\":\"0\",\"disable_mousewheel\":\"0\",\"disable_zoom\":\"0\",\"map_shortcode\":\"casasdosenhor\",\"map_width\":\"100\",\"map_height\":\"400\",\"map_width_type\":\"%\",\"map_height_type\":\"px\",\"html_class\":\"\",\"styling_enabled\":\"0\",\"toggle_fullscreen\":\"0\",\"lock_zoom\":\"0\",\"cluster\":\"-1\"} ) );   \r\n                                                let bmp_map_all_pins__1_  = JSON.parse( JSON.stringify( [{\"pin_id\":\"1\",\"map_id\":\"1\",\"pin_active\":\"1\",\"pin_lat\":\"41.3785946\",\"pin_long\":\"-8.2770149\",\"icon\":\"0\",\"icon_link\":\"\",\"pin_title\":\"Texteis Casas do Senhor\",\"pin_desc\":\"\",\"data_json\":\"\",\"pin_image_one\":\"\",\"pin_image_two\":\"\"}] ) );  \r\n                                                let bmp_infobox__1_       = null;   \r\n                                                let bmp_map_shapes__1_    = JSON.parse( JSON.stringify( [] ));  \r\n                                                let bmp_extra_params_ = JSON.parse('[]');                                                \r\n                                                 \r\n                                                bmp_loadMapScenario( bmp_map_id__1_, \r\n                                                                    bmp_map_all_pins__1_, \r\n                                                                    bmp_map__1_, \r\n                                                                    bmp_infobox__1_, \r\n                                                                    bmp_map_shapes__1_,\r\n                                                                    bmp_extra_params_ );                                                                                                                                           \r\n                                            });\r\n\r\n                                           \/\/ function bmp_toggle_map_fullscreen_( bmp_map_fullscreen_icon__1_, bmp_casasdosenhor_ ){\r\n                                                var bmp_map_fullscreen__1_ = document.getElementById('bmp_map_fullscreen_icon__1_');\r\n                                                \r\n                                                bmp_map_fullscreen__1_.addEventListener('click', function(){\r\n                                                    var bmp_map_object  = document.querySelector('#bmp_casasdosenhor_ .MicrosoftMap');\r\n                                                    var bmp_map_object_class = bmp_map_object.className;\r\n                                                    if( bmp_map_object_class.includes('bmp-admin-map-full-sceen') ){\r\n                                                        bmp_map_object_class = bmp_map_object_class.replace(\/bmp-admin-map-full-sceen\/g,''); \r\n                                                        bmp_map_object.className = bmp_map_object_class;\r\n                                                        this.className = this.className.replace(\/bmp_map_fullsreen_top\/g, '');\r\n                                                    }else{\r\n                                                        bmp_map_object.className = bmp_map_object_class + ' ' +  'bmp-admin-map-full-sceen';\r\n                                                        this.className = this.className + ' ' + 'bmp_map_fullsreen_top';\r\n                                                    }\r\n                                                });\r\n                                        \/\/    }\r\n                                                                                    \r\n                                        <\/script>\r\n                                        \n\r\n\r\n\r\n<p>&nbsp;<\/p>\r\n\r\n\r\n\r\n<div class=\"wp-block-columns has-2-columns is-layout-flex wp-container-3 wp-block-columns-is-layout-flex\">\r\n<div class=\"wp-block-column is-layout-flow wp-block-column-is-layout-flow\">\r\n<h3 class=\"wp-block-heading\"><span style=\"font-size: 18pt;\"><strong><span style=\"font-family: arial, helvetica, sans-serif;\">Dados de Contacto<\/span><\/strong><\/span><\/h3>\r\n<span style=\"font-family: arial, helvetica, sans-serif;\">\r\n\r\n <i class=\"fa fa-address-book\" aria-hidden=\"true\"><\/i> \r\n\r\n<\/span>\r\n<p><span style=\"font-family: arial, helvetica, sans-serif; font-size: 12pt;\">Rua das Portelas, 141<\/span><br \/><span style=\"font-family: arial, helvetica, sans-serif; font-size: 12pt;\">4815-623 Tagilde<\/span><br \/><span style=\"font-family: arial, helvetica, sans-serif; font-size: 12pt;\">Vizela\u00a0<\/span><\/p>\r\n<span style=\"font-family: arial, helvetica, sans-serif; font-size: 12pt;\">\r\n\r\n <i class=\"fa fa-phone-square\" aria-hidden=\"true\"><\/i> \r\n\r\n<\/span>\r\n<p><span style=\"font-family: arial, helvetica, sans-serif; font-size: 12pt;\">Tlf. (+351 ) 253 482 263 | Fax. (+351) 253 581 021 <\/span><\/p>\r\n<p>(Chamada para a rede fixa nacional)<\/p>\r\n<span style=\"font-family: arial, helvetica, sans-serif; font-size: 12pt;\">\r\n\r\n <i class=\"fa fa-mobile\" aria-hidden=\"true\"><\/i> \r\n\r\n<\/span>\r\n<p><span style=\"font-family: arial, helvetica, sans-serif; font-size: 12pt;\">Tlm. (+351 ) 968 090 267 <\/span><\/p>\r\n<p><span style=\"font-family: arial, helvetica, sans-serif; font-size: 12pt;\">(Chamada para a rede m\u00f3vel nacional)<\/span><\/p>\r\n<span style=\"font-family: arial, helvetica, sans-serif; font-size: 12pt;\">\r\n\r\n <i class=\"fa fa-envelope\" aria-hidden=\"true\"><\/i> \r\n\r\n<\/span>\r\n<p><span style=\"font-family: arial, helvetica, sans-serif; font-size: 12pt;\">geral@casasdosenhor.pt<\/span><\/p>\r\n\r\n\r\n\r\n<p>&nbsp;<\/p>\r\n<\/div>\r\n\r\n\r\n\r\n<div class=\"wp-block-column is-layout-flow wp-block-column-is-layout-flow\">\r\n<h3 class=\"wp-block-heading\"><strong><span style=\"font-family: arial, helvetica, sans-serif; font-size: 18pt;\">Formul\u00e1rio de Contacto<\/span><\/strong><\/h3>\r\n<span style=\"font-family: arial, helvetica, sans-serif;\">\r\n\r\n<p> <div style=\"display:none\" class=\"fm-form-container fm-theme1\"><div id=\"fm-pages1\" class=\"fm-pages wdform_page_navigation \" show_title=\"\" show_numbers=\"1\" type=\"none\"><\/div><form name=\"form1\" action=\"\/novo\/wp-json\/wp\/v2\/pages\/28\" method=\"post\" id=\"form1\" class=\"fm-form form1  \" enctype=\"multipart\/form-data\"><input type=\"hidden\" id=\"fm_page_id1\" value=\"28\" name=\"fm_page_id1\" \/><input type=\"hidden\" id=\"fm_current_post_type1\" value=\"page\" name=\"fm_current_post_type1\" \/><input type=\"hidden\" id=\"counter1\" value=\"7\" name=\"counter1\" \/><input type=\"hidden\" id=\"Itemid1\" value=\"\" name=\"Itemid1\" \/><input type=\"hidden\" id=\"fm_shake1\" value=\"1\" name=\"fm_shake1\" \/><input type=\"text\" class=\"fm-hide\" id=\"fm_empty_field_validation1\" value=\"\" name=\"fm_empty_field_validation1\" data-value=\"bd736efb144d599cf463541431fbf5c4\" \/><div class=\"wdform-page-and-images fm-form-builder\"><div id=\"1form_view1\" class=\"wdform_page\" page_title=\"Untitled page\" next_title=\"Next\" next_type=\"text\" next_class=\"wdform-page-button\" next_checkable=\"true\" previous_title=\"Previous\" previous_type=\"text\" previous_class=\"wdform-page-button\" previous_checkable=\"false\"><div class=\"wdform_section\" id=\"cur_column\"><div class=\"wdform_column\"><div wdid=\"2\" class=\"wdform_row\"><div type=\"type_text\" class=\"wdform-field wd-width-100 wd-flex wd-flex-column fm-type_text\" ><div class=\"wdform-label-section wd-width-100  wd-flex-row wd-align-items-center\">    <label  for=\"wdform_2_element1\" class=\"wdform-label\">Nome<\/label><span class=\"wdform-required\">*<\/span><\/div><div class=\"wdform-element-section wd-flex  wd-flex-row wd-align-items-center wd-width-100\" ><input type=\"text\"                           class=\"wd-width-100\"                           id=\"wdform_2_element1\"                           name=\"wdform_2_element1\"                           value=\"\"                           data-value=\"\"                           title=\"\"                           placeholder=\"\"                                                       \/><\/div><\/div><\/div><\/div><div class=\"wdform_column\"><div wdid=\"3\" class=\"wdform_row\"><div type=\"type_submitter_mail\" class=\"wdform-field wd-width-100 wd-flex wd-flex-column fm-type_submitter_mail\" ><div class=\"wdform-label-section wd-width-100  wd-flex-row\">    <label  for=\"wdform_3_element1\" class=\"wdform-label\">E-Mail<\/label><span class=\"wdform-required\">*<\/span><\/div><div class=\"wdform-element-section wd-flex  wd-flex-row wd-width-100\" ><input type=\"text\" class=\"wd-width-100\" id=\"wdform_3_element1\" name=\"wdform_3_element1\" data-value=\"\" value=\"\" title=\"\" placeholder=\"\"   onchange=\"wd_check_email('3', '1', 'Este n\u00e3o \u00e9 um endere\u00e7o de e-mail v\u00e1lido.')\" \/><\/div><\/div><\/div><\/div><div class=\"wdform_column\"><div wdid=\"4\" class=\"wdform_row\"><div type=\"type_text\" class=\"wdform-field wd-width-100 wd-flex wd-flex-column fm-type_text\" ><div class=\"wdform-label-section wd-width-100  wd-flex-row wd-align-items-center\">    <label  for=\"wdform_4_element1\" class=\"wdform-label\">Assunto<\/label><span class=\"wdform-required\">*<\/span><\/div><div class=\"wdform-element-section wd-flex  wd-flex-row wd-align-items-center wd-width-100\" ><input type=\"text\"                           class=\"wd-width-100\"                           id=\"wdform_4_element1\"                           name=\"wdform_4_element1\"                           value=\"\"                           data-value=\"\"                           title=\"\"                           placeholder=\"\"                                                       \/><\/div><\/div><\/div><\/div><div class=\"wdform_column\"><div wdid=\"5\" class=\"wdform_row\"><div type=\"type_textarea\" class=\"wdform-field wd-width-100 wd-flex wd-flex-column fm-type_textarea\" ><div class=\"wdform-label-section wd-width-100 \">    <label  for=\"wdform_5_element1\" class=\"wdform-label\">Mensagem<\/label><span class=\"wdform-required\">*<\/span><\/div><div class=\"wdform-element-section wd-flex  wd-width-100\" ><textarea class=\"wd-width-100\"                      id=\"wdform_5_element1\"                      name=\"wdform_5_element1\"                      placeholder=\"\"                      data-value=\"\"                      maxlength=\"\"                      style=\"height: 100px;\"                      ><\/textarea><\/div><\/div><\/div><\/div><div class=\"wdform_column\"><div wdid=\"6\" class=\"wdform_row\"><div type=\"type_recaptcha\" class=\"wdform-field wd-width-100 wd-flex wd-flex-row fm-type_recaptcha\" ><div class=\"wdform-label-section wd-width-30 wd-hidden wd-flex-row\">    <label  class=\"wdform-label\">reCAPTCHA<\/label><\/div><div class=\"wdform-element-section wd-flex wd-flex-row wd-width-100\" ><div id=\"recaptcha16\" class=\"g-recaptcha\" data-sitekey=\"6LfCvq0UAAAAAHAQ-cCYIe4V6wjszjP7U_M2Aw85\" data-form_id=\"1\" data-badge=\"bottomright\"><\/div><\/div><\/div><\/div><\/div><div class=\"wdform_column\"><div wdid=\"1\" class=\"wdform_row\" style=\"position: relative; left: 0px; top: 0px;\"><div type=\"type_submit_reset\" class=\"wdform-field wd-width-100 wd-flex wd-flex-column fm-type_submit_reset\" ><div class=\"wdform-element-section wd-flex  wd-flex-row wd-justify-content-left wd-width-100\" ><button  type=\"button\" class=\"button-submit\" onclick=\"fm_submit_form('1');\"  data-ajax=\"0\"><span class=\"fm-submit-loading spinner fm-ico-spinner\"><\/span>Enviar<\/button><button  type=\"button\" class=\"button-reset wd-hidden\" onclick=\"fm_reset_form(1);\" >Reset<\/button><\/div><\/div><\/div><\/div><\/div><div valign=\"top\" class=\"wdform_footer wd-width-100\" wfd-invisible=\"true\"><div class=\"wd-width-100\"><div class=\"wd-width-100 wd-table\" style=\"padding-top:10px;\"><div class=\"wd-table-group\"><div id=\"1page_nav1\" class=\"wd-table-row\"><\/div><\/div><\/div><\/div><\/div><\/div><\/div><div class=\"wdform_preload\"><\/div><input type=\"hidden\" name=\"fm-current-page\" value=\"https:\/\/www.casasdosenhor.pt\/novo\/wp-json\/wp\/v2\/pages\/28\" \/><\/form><\/div><\/span> <\/p>\n\r\n\r\n\r\n<p>&nbsp;<\/p>\r\n<\/div>\r\n<\/div>\r\n","protected":false},"excerpt":{"rendered":"<p>&nbsp; Dados de Contacto Rua das Portelas, 1414815-623 TagildeVizela\u00a0 Tlf. (+351 ) 253 482 263 | Fax. (+351) 253 581 021 (Chamada para a rede fixa nacional) Tlm. (+351 ) 968 090<a class=\"moretag\" href=\"https:\/\/www.casasdosenhor.pt\/novo\/contactos\/\">Read More&#8230;<\/a><\/p>\n","protected":false},"author":1,"featured_media":0,"parent":0,"menu_order":0,"comment_status":"closed","ping_status":"closed","template":"","meta":{"footnotes":""},"_links":{"self":[{"href":"https:\/\/www.casasdosenhor.pt\/novo\/wp-json\/wp\/v2\/pages\/28"}],"collection":[{"href":"https:\/\/www.casasdosenhor.pt\/novo\/wp-json\/wp\/v2\/pages"}],"about":[{"href":"https:\/\/www.casasdosenhor.pt\/novo\/wp-json\/wp\/v2\/types\/page"}],"author":[{"embeddable":true,"href":"https:\/\/www.casasdosenhor.pt\/novo\/wp-json\/wp\/v2\/users\/1"}],"replies":[{"embeddable":true,"href":"https:\/\/www.casasdosenhor.pt\/novo\/wp-json\/wp\/v2\/comments?post=28"}],"version-history":[{"count":44,"href":"https:\/\/www.casasdosenhor.pt\/novo\/wp-json\/wp\/v2\/pages\/28\/revisions"}],"predecessor-version":[{"id":445,"href":"https:\/\/www.casasdosenhor.pt\/novo\/wp-json\/wp\/v2\/pages\/28\/revisions\/445"}],"wp:attachment":[{"href":"https:\/\/www.casasdosenhor.pt\/novo\/wp-json\/wp\/v2\/media?parent=28"}],"curies":[{"name":"wp","href":"https:\/\/api.w.org\/{rel}","templated":true}]}}